e tens digit of c?
5
What is the tens digit of 42/14 - -1*(78 + -1)?
8
What is the units digit of ((-87)/4)/(20/(-1600))?
0
Suppose 2*k - 611 = -5*f, 6*k + f - 631 = 4*k. What is the tens digit of k?
1
Let f be (-15)/(-6)*12/10. Let l(m) = 13*m - 4. Let t be l(f). What is the tens digit of 144/7 + 15/t?
2
Let h(t) = 33*t + 8. Suppose 3*b - r - 2 + 1 = 0, 4*b - 3*r + 7 = 0. What is the units digit of h(b)?
4
Suppose 0 = 5*a - a - 144. Suppose -w - a = 3*w. What is the units digit of w/(-4) - (-9)/(-36)?
2
Let l(w) = -30*w + 237. What is the units digit of l(-11)?
7
Suppose 0 = -2*q + 5*t + 3928, 4*q - t - 7892 = -0*q. What is the units digit of q?
4
Suppose 139*o - 102066 - 190390 = 0. What is the tens digit of o?
0
Let b = 776 - 154. What is the tens digit of b?
2
Let x = -5 + 1. Let r be (-6 - -1)*x/5. Suppose 0*p - 2*p + 152 = r*h, -5*p = h - 20. What is the tens digit of h?
4
Suppose 4*s = -5*j - 2682, 3*j + 417 + 1176 = 3*s. Let h = -317 - j. Let d = h - 153. What is the tens digit of d?
6
Suppose -3*l + 22*b = 24*b - 9396, -2*l = -2*b - 6264. What is the hundreds digit of l?
1
Let r = -6767 - -11989. What is the hundreds digit of r?
2
Let s = -5 - -10. Suppose -w = -3*w + 4*a + 244, w = -s*a + 101. What is the hundreds digit of w?
1
Let x = 259 + -163. Suppose -3*f = -f + 5*i - 90, 0 = -2*f - 2*i + x. What is the units digit of f?
0
Suppose 14769 = 30*u - 12261. What is the units digit of u?
1
Let w(o) = 2*o**2 - o - 1. Let c be w(-1). Suppose -4*b = c*u - 10, 2*b - 2*u = 4*b - 4. What is the units digit of b?
3
Let i = -15 - -15. Suppose 1 = -d, -d + i*d = v - 2. Suppose 0 = -t - 5*l + 46, -v*l = -2*t - 5*l + 68. What is the tens digit of t?
3
Let w be -2 + 2/2 + -19 + 11. What is the units digit of (1/(6/w))/(5/(-90))?
7
Let q(j) be the first derivative of j**2/2 - j + 3. Let a be q(-5). What is the tens digit of 3 - a*9/6?
1
Suppose 0 = 3*a - 0*a - 3*i - 3, -29 = -4*a - i. Suppose -76 = -a*l + 374. What is the units digit of l?
5
Suppose -5*a = 3*c - 175, 156 + 58 = 4*c - 3*a. Let b = c + 6. What is the tens digit of b?
6
Let n(l) = 16*l**3 - 6*l + 5. What is the hundreds digit of n(3)?
4
Let r = -15 + 0. Suppose 24 = 22*v - 152. Let j = v - r. What is the units digit of j?
3
Let w(f) = f**3 + 9*f**2 - f + 12. Suppose 6*r = 24 + 18. Suppose r*d = -68 + 5. What is the tens digit of w(d)?
2
Suppose 2924 = 9*s - 4861. What is the units digit of s?
5
Suppose 1667 = 4*s - 0*s + 3*n, 3*s - n - 1247 = 0. What is the tens digit of s?
1
Suppose -2*v - 3 + 5 = 4*h, -3*v - 15 = -3*h. Suppose -h*l = 3*l - 3*i - 188, -4*l + 145 = 3*i. What is the units digit of l?
7
Let h = 135 + -85. Let u be (-2 + 0)/(-2)*22. Suppose h = 3*l - u. What is the tens digit of l?
2
Suppose 0 = 120*o - 115*o - 14245. What is the units digit of o?
9
Suppose 12*g + 2201 = 5945. What is the tens digit of g?
1
Let v be 30*6/96 - (-2)/16. Let u(y) = 75*y - 6. What is the tens digit of u(v)?
4
Let c = 11 + -8. Suppose r + 4*b + 3 = 0, -c*r + 4*r = 2*b + 3. What is the units digit of r?
1
Suppose 0*o - 3*r + 1032 = 5*o, 2*o = 2*r + 400. Suppose 2*w - 4*f - o = 0, 4*f + 108 = w + 5*f. What is the hundreds digit of w?
1
Suppose 812*v - 815*v = -8733. What is the hundreds digit of v?
9
Let y be 6/(-21) + 64/28. Let b(s) = -6*s**3 + 5*s**y + 5 + 6*s - 5*s + s + 5*s**3. What is the tens digit of b(4)?
2
Let c(j) = j**3 + 6*j**2 - 17*j - 8. What is the units digit of c(9)?
4
Let v(u) = u**2 - 7*u + 8. Let a be v(6). Let y(m) = 2 - a + 3 - 6*m. What is the units digit of y(-6)?
9
Let w(i) = -i**3 + 38*i**2 - 68*i - 31. What is the units digit of w(36)?
3
Let o(i) = -i**3 + 20*i**2 - 1. Let k be o(20). What is the tens digit of ((-11)/(110/8))/(k/150)?
2
Let s(z) = -13*z**2 + 3*z - 2. Let n be s(1). What is the tens digit of 1878/36 + 2/n?
5
Let r = 1211 - 737. What is the hundreds digit of r?
4
Let o = 24 - 24. Let t = 72 - o. What is the units digit of t?
2
Let r(p) = -2*p + 1. Let j be r(0). Let q be j/1*(1 - 1). Suppose 4 = -3*w + 16, q = -o + 3*w + 12. What is the tens digit of o?
2
Suppose -6*d + 1050 = -3*d. Suppose -5*v = -5*u + d, -146 = -2*u - 0*u - 4*v. Let b = u - 33. What is the units digit of b?
8
Let c be 5*(-6)/(-60)*2*3. Suppose -c*i - 745 = -5*l, 2*l + 5*i - 297 = 6*i. What is the hundreds digit of l?
1
Let k(z) be the first derivative of 4*z**2 - 6*z - 2. Let o be k(-6). Let v = -26 - o. What is the tens digit of v?
2
What is the hundreds digit of (-68)/476 + ((-17604)/(-14))/3?
4
Let m be ((-3)/8)/(9*(-2)/144). Let o(d) = -d + 8*d**2 - d - 2*d - 7. What is the tens digit of o(m)?
5
Suppose 7 = 3*d - 5. Suppose -d*f + 5*f - 41 = 0. What is the units digit of f?
1
Let b(w) be the second derivative of -w**5/20 + w**4/12 - w**3/6 + 9*w**2 + 8*w. What is the units digit of b(0)?
8
Suppose -30 = -4*w - 26. What is the units digit of 75/w - 3/(5 - 6)?
8
Suppose 2*m - 2741 = -329. What is the tens digit of m?
0
Suppose -4*w = 3*v - 45, 2*w = w - 4*v + 8. Let z = 3 - 9. Let b = z + w. What is the units digit of b?
6
Suppose -5*k + 2*l = -l - 3151, -3*k + l + 1893 = 0. Suppose x + 140 = c + 4*x, -5*c + 2*x = -k. What is the units digit of c?
8
Let m(q) = -4*q - 2. Let k be m(-2). Let h(d) = -15*d - 1 - k - d**3 + 0 - 12*d**2. What is the units digit of h(-11)?
7
Let q(i) = -i + 5. Let o be q(-5). Let u = o + 108. What is the tens digit of u?
1
Suppose 209*q - 222*q + 32916 = 0. What is the tens digit of q?
3
Let m(k) = -k - 2. Let r be m(0). Let s be (-8)/(4/r) + 1. Suppose -5*i + 0*v + 29 = 2*v, -s*i + 3*v + 44 = 0. What is the units digit of i?
7
Let x(v) = -39*v - 4. Let n = 6 - 10. What is the tens digit of x(n)?
5
Suppose -2*q - 2 + 10 = 0. Suppose q*d + 8 = -0*d. What is the units digit of 5*d/(6/(-3))?
5
Suppose -3*z - 2*y = -205, 2*y = 2*z - y - 115. Suppose -5*d - 4*l - 1456 = 0, 3*d - 4*l + z + 783 = 0. What is the units digit of (-5)/(-2)*d/(-60)?
2
Let n(d) = 6*d + 14. Let h = 6 + 6. What is the tens digit of n(h)?
8
Let w(u) = -16*u - 4. Let f(d) = -d**3 - d**2 + 6*d - 2. Let v be f(-3). What is the units digit of w(v)?
8
Suppose 3*g + 2*j - 28 - 49 = 0, -2*g + 54 = 4*j. Let z be ((-10)/g)/(2/(-10)). Suppose z*o - 30 = -3*d + 39, 2*d - 57 = -5*o. What is the units digit of d?
1
Suppose 0 = n - 0*n. Suppose -y + 26 - 5 = n. What is the units digit of y?
1
Let v(a) = -473*a**3 + a. What is the units digit of v(-1)?
2
Suppose -11*u + 13*u - 10 = 0. Suppose -2*w - 14 = -a, 0 = -u*w + w - a - 22. What is the units digit of ((-21)/(-5))/(w/(-60))?
2
Let d = 33 - 33. Suppose 4*x + d*x = 236. What is the units digit of x?
9
Let q = 2 + 4. Let t(f) = -f**3 + 5*f**2 + 8*f - 7. Let y be t(q). Suppose -2*o + y*i = -0*o - 117, 169 = 4*o + 3*i. What is the tens digit of o?
4
Let k(z) = z**2 + 143. Let h be k(0). Let d = h - 86. What is the units digit of d?
7
Suppose -6 = -3*n + 6. Let a(w) = 3*w - 3*w + 9 + n*w + w**3 - 14*w**2 + 10*w. What is the units digit of a(13)?
2
Let w(j) = 7*j**3 - 8*j**2 - 44*j + 210. What is the tens digit of w(9)?
6
Suppose 0 = -14*o + 17*o - 858. What is the hundreds digit of o?
2
Let n = 26 - 22. Suppose 1 = a - n. What is the units digit of a/3 + (-8)/12?
1
Let c(m) = m**2 + m + 9. Let p(d) = d**3 + 5*d**2 + 3*d. Let t be p(-4). What is the tens digit of c(t)?
2
Let o(h) = 7 - 7*h - 15*h - 13*h + 29*h - h**2. Let q be o(-7). Suppose -4*f - 3*t + 177 = q, 0*f - 183 = -4*f - 5*t. What is the units digit of f?
2
Let x be 3/9 - 197/(-3). Suppose 0*g = 3*g - x. Suppose 136 = 5*t + 2*a - g, 2*t = 5*a + 69. What is the tens digit of t?
3
Let f = 9 - 5. Suppose -3*u + 5*a = u + 48, -f*a + 60 = -5*u. Let i = 15 + u. What is the units digit of i?
3
Suppose h = -4*v - 11 + 223, -3*v - 666 = -3*h. Suppose -l - 2*f = -7*f - h, f + 449 = 2*l. What is the hundreds digit of l?
2
Suppose 1195 = 5*f - 370. What is the hundreds digit of f?
3
Let n(y) = 4*y - 5. Let p be n(2). Suppose -p*d + d = b - 17, -4*b + 14 = 2*d. What is the units digit of d?
9
Suppose -10477 = -13*z + 300. What is the tens digit of z?
2
Let a = 10 + -6. Let h be (15 + -11)/((-2)/(-1) + 0). Suppose -36 = -k + a*m, -3*k + m + 123 = h*k. What is the units digit of k?
4
Let g be 0/(0 - (-6)/(-5 + 3)). What is the tens digit of (g + 20/3)*12?
8
Suppose 3*b - 2*t - 5145 = 0, b = -2*t + 19